99.
1499
What are the prime factors of 9632?
2, 7, 43
List the prime factors of 82867.
173, 479
List the prime factors of 372.
2, 3, 31
List the prime factors of 2370.
2, 3, 5, 79
What are the prime factors of 3447?
3, 383
What are the prime factors of 7134?
2, 3, 29, 41
What are the prime factors of 5696?
2, 89
List the prime factors of 1440.
2, 3, 5
What are the prime factors of 20950?
2, 5, 419
What are the prime factors of 803?
11, 73
List the prime factors of 37263.
3, 12421
What are the prime factors of 2286?
2, 3, 127
What are the prime factors of 8064?
2, 3, 7
List the prime factors of 3565.
5, 23, 31
List the prime factors of 761.
761
What are the prime factors of 41236?
2, 13, 61
List the prime factors of 2498.
2, 1249
What are the prime factors of 1090?
2, 5, 109
List the prime factors of 3046.
2, 1523
List the prime factors of 10372.
2, 2593
List the prime factors of 1784.
2, 223
List the prime factors of 446.
2, 223
What are the prime factors of 946?
2, 11, 43
List the prime factors of 688.
2, 43
What are the prime factors of 1268?
2, 317
What are the prime factors of 44746?
2, 13, 1721
What are the prime factors of 7152?
2, 3, 149
What are the prime factors of 16084?
2, 4021
What are the prime factors of 719?
719
List the prime factors of 6932.
2, 1733
List the prime factors of 37037.
7, 11, 13, 37
List the prime factors of 57221.
57221
What are the prime factors of 922?
2, 461
List the prime factors of 3150.
2, 3, 5, 7
What are the prime factors of 1483?
1483
List the prime factors of 18531.
3, 29, 71
List the prime factors of 44625.
3, 5, 7, 17
List the prime factors of 12038.
2, 13, 463
List the prime factors of 1657.
1657
List the prime factors of 51.
3, 17
List the prime factors of 2983.
19, 157
List the prime factors of 6797.
7, 971
List the prime factors of 22918.
2, 7, 1637
What are the prime factors of 13438?
2, 6719
What are the prime factors of 11565?
3, 5, 257
What are the prime factors of 35159?
35159
What are the prime factors of 2281?
2281
What are the prime factors of 2772?
2, 3, 7, 11
List the prime factors of 1527.
3, 509
What are the prime factors of 2202?
2, 3, 367
List the prime factors of 559.
13, 43
What are the prime factors of 11114?
2, 5557
List the prime factors of 24027.
3, 8009
List the prime factors of 6039.
3, 11, 61
List the prime factors of 3612.
2, 3, 7, 43
List the prime factors of 1093.
1093
List the prime factors of 3274.
2, 1637
List the prime factors of 22297.
11, 2027
What are the prime factors of 25113?
3, 11, 761
What are the prime factors of 46108?
2, 11527
What are the prime factors of 9805?
5, 37, 53
What are the prime factors of 5594?
2, 2797
What are the prime factors of 1344?
2, 3, 7
What are the prime factors of 3914?
2, 19, 103
List the prime factors of 7616.
2, 7, 17
What are the prime factors of 517?
11, 47
What are the prime factors of 13559?
7, 13, 149
What are the prime factors of 2291?
29, 79
What are the prime factors of 998?
2, 499
What are the prime factors of 924?
2, 3, 7, 11
List the prime factors of 2224.
2, 139
What are the prime factors of 25774?
2, 7, 263
List the prime factors of 23832.
2, 3, 331
What are the prime factors of 2157?
3, 719
List the prime factors of 7099.
31, 229
What are the prime factors of 2508?
2, 3, 11, 19
List the prime factors of 7700.
2, 5, 7, 11
What are the prime factors of 235?
5, 47
What are the prime factors of 1564?
2, 17, 23
List the prime factors of 1517.
37, 41
What are the prime factors of 96000?
2, 3, 5
What are the prime factors of 21337?
19, 1123
List the prime factors of 25.
5
What are the prime factors of 41609?
41609
List the prime factors of 2500.
2, 5
List the prime factors of 4963.
7, 709
List the prime factors of 1624.
2, 7, 29
List the prime factors of 1133.
11, 103
What are the prime factors of 1486?
2, 743
What are the prime factors of 914?
2, 457
What are the prime factors of 42888?
2, 3, 1787
What are the prime factors of 1454?
2, 727
List the prime factors of 11141.
13, 857
What are the prime factors of 3495?
3, 5, 233
List the prime factors of 628.
2, 157
What are the prime factors of 1100?
2, 5, 11
What are the prime factors of 1148?
2, 7, 41
List the prime factors of 150206.
2, 7, 10729
What are the prime factors of 67?
67
What are the prime factors of 1869?
3, 7, 89
List the prime factors of 40411.
7, 23, 251
List the prime factors of 3873.
3, 1291
List the prime factors of 1977.
3, 659
What are the prime factors of 19027?
53, 359
What are the prime factors of 626?
2, 313
List the prime factors of 70102.
2, 35051
List the prime factors of 15515.
5, 29, 107
List the prime factors of 20809.
20809
List the prime factors of 3669.
3, 1223
What are the prime factors of 4519?
4519
What are the prime factors of 2549?
2549
List the prime factors of 2459.
2459
List the prime factors of 30052.
2, 11, 683
What are the prime factors of 616?
2, 7, 11
List the prime factors of 9136.
2, 571
List the prime factors of 5638.
2, 2819
What are the prime factors of 465?
3, 5, 31
List the prime factors of 10245.
3, 5, 683
List the prime factors of 29915.
5, 31, 193
List the prime factors of 2146.
2, 29, 37
List the prime factors of 26477.
11, 29, 83
What are the prime factors of 15099?
3, 7, 719
List the prime factors of 28716.
2, 3, 2393
List the prime factors of 100080.
2, 3, 5, 139
What are the prime factors of 1183?
7, 13
List the prime factors of 2769.
3, 13, 71
What are the prime factors of 3908?
2, 977
List the prime factors of 19822.
2, 11, 17, 53
List the prime factors of 165744.
2, 3, 1151
What are the prime factors of 152?
2, 19
List the prime factors of 3771.
3, 419
What are the prime factors of 127?
127
List the prime factors of 35662.
2, 11, 1621
List the prime factors of 31003.
7, 43, 103
What are the prime factors of 16870?
2, 5, 7, 241
What are the prime factors of 33323?
47, 709
List the prime factors of 13293.
3, 7, 211
What are the prime factors of 7026?
2, 3, 1171
List the prime factors of 3421.
11, 311
What are the prime factors of 10596?
2, 3, 883
List the prime factors of 384.
2, 3
List the prime factors of 31672.
2, 37, 107
What are the prime factors of 46551?
3, 59, 263
What are the prime factors of 201?
3, 67
List the prime factors of 17510.
2, 5, 17, 103
What are the prime factors of 2277?
3, 11, 23
What are the prime factors of 3137?
3137
What are the prime factors of 1098?
2, 3, 61
What are the prime factors of 2881?
43, 67
List the prime factors of 24338.
2, 43, 283
What are the prime factors of 3553?
11, 17, 19
What are the prime factors of 3253?
3253
List the prime factors of 4844.
2, 7, 173
What are the prime factors of 24429?
3, 17, 479
List the prime factors of 71445.
3, 5, 11, 433
List the prime factors of 16665.
3, 5, 11, 101
What are the prime factors of 148?
2, 37
What are the prime factors of 151?
151
List the prime factors of 23627.
23627
What are the prime factors of 160?
2, 5
What are the prime factors of 1029?
3, 7
What are the prime factors of 663?
3, 13, 17
List the prime factors of 62758.
2, 31379
List the prime factors of 57573.
3, 6397
What are the prime factors of 27564?
2, 3, 2297
What are the prime factors of 715?
5, 11, 13
What are the prime factors of 38927?
7, 67, 83
What are the prime factors of 12538?
2, 6269
What are the prime factors of 57025?
5, 2281
List the prime factors of 29350.
2, 5, 587
What are the prime factors of 27618?
2, 3, 4603
What are the prime factors of 2331?
3, 7, 37
What are the prime factors of 3873?
3, 1291
What are the prime factors of 18380?
2, 5, 919
What are the prime factors of 17907?
3, 47, 127
List the prime factors of 2826.
2, 3, 157
List the prime factors of 76421.
76421
List the prime factors of 19667.
71, 277
What are the prime factors of 34835?
5, 6967
What are the prime factors of 23134?
2, 43, 269
List the prime factors of 2321.
11, 211
List the prime factors of 2040.
2, 3, 5, 17
What are the prime factors of 39118?
2, 19559
List the prime factors of 213.
3, 71
List the prime factors of 15195.
3, 5, 1013
What are the prime factors of 1729?
7, 13, 19
What are the prime factors of 1746?
2, 3, 97
What are the prime factors of 1068?
2, 3, 89
What are the prime factors of 11840?
2, 5, 37
What are the prime factors of 9218?
2, 11, 419
What are